{"id":150,"date":"2021-12-16T13:59:07","date_gmt":"2021-12-16T12:59:07","guid":{"rendered":"http:\/\/darzlubie.eu\/BIP\/?page_id=150"},"modified":"2021-12-16T13:59:07","modified_gmt":"2021-12-16T12:59:07","slug":"informacja-o-wyborze-najkorzystniejszej-oferty","status":"publish","type":"page","link":"http:\/\/darzlubie.eu\/BIP\/informacja-o-wyborze-najkorzystniejszej-oferty\/","title":{"rendered":"Informacja o wyborze najkorzystniejszej oferty"},"content":{"rendered":"<p style=\"text-align: right;\">Darzlubie dnia 16 grudnia 2021 r.<\/p>\n<p style=\"text-align: center;\"><strong>Informacja o wyborze najkorzystniejszej oferty \u2013 na zakup i sukcesywn\u0105 dostaw\u0119 artyku\u0142\u00f3w spo\u017cywczych do sto\u0142\u00f3wki szkolnej w Szkole Podstawowej im. Maksymiliana Wilandta\u00a0 w Darzlubiu, ul Pucka 74, 84-100 Puck przez okres 01.01.2022r do 31.12.2022r.<\/strong><\/p>\n<p>Uprzejmie informuj\u0119, \u017ce w post\u0119powaniu o udzielenie zam\u00f3wienia publicznego, kt\u00f3rych warto\u015b\u0107 nie przekracza wyra\u017conej w z\u0142otych r\u00f3wnowarto\u015bci kwoty 130.000,00z\u0142 netto w trybie art.2 ust. 1 pkt. 1 ustawy Prawo Zam\u00f3wie\u0144 Publicznych (t. j. Dz.U.. 2019 z 2019 r.p\u00f3\u017an.zm.) na zakup i sukcesywn\u0105 dostaw\u0119 artyku\u0142\u00f3w spo\u017cywczych do sto\u0142\u00f3wki szkolnej w Szkole Podstawowej \u00a0im. Maksymiliana Wilandta w Darzlubiu ul. Pucka 74, 84-100 Puck przez okres 01.01.2022r do 31.12.2022 roku.<\/p>\n<p>Wybrano oferty:<\/p>\n<p><strong>Pakiet 1 warzywa owoce<\/strong><\/p>\n<p><strong>Firma STEMAR Sp. z o.o. W\u0142adys\u0142awowo<\/strong><\/p>\n<p>Cena brutto z\u0142o\u017conej oferty \u00a0wynosi 18.842,97 z\u0142<\/p>\n<p>Wybrana oferta jest najkorzystniejsza zgodnie z wymogami opisanymi w zaproszeniu ofertowym dotycz\u0105cymi kryteri\u00f3w, kt\u00f3rymi Zamawiaj\u0105cy kierowa\u0142 si\u0119 przy wyborze oferty oraz Regulaminu Udzielania Zam\u00f3wie\u0144\u00a0 Publicznych za\u0142\u0105cznik 1 &amp;4 pkt 1 i 2 Zarz\u0105dzenia 01.02.01.21 Dyrektora\u00a0 Szko\u0142y Podstawowej im. Maksymiliana Wilandta w Darzlubiu z dnia 12 stycznia 2021 roku, kt\u00f3rych warto\u015b\u0107 nie przekracza wyra\u017conej w z\u0142otych r\u00f3wno\u015bci kwoty 130.000.00 z\u0142 netto.<\/p>\n<p>Nazwa, siedziby i adres Wykonawc\u00f3w, kt\u00f3rzy z\u0142o\u017cyli oferty wraz ze streszczeniem.<\/p>\n<p>W niniejszym post\u0119powaniu o udzielenie zam\u00f3wienia publicznego, z\u0142o\u017cono nast\u0119puj\u0105ce oferty, tj.:<\/p>\n<p>&nbsp;<\/p>\n<table>\n<tbody>\n<tr>\n<td width=\"47\">Lp.<\/td>\n<td width=\"356\">Nazwa i adres wykonawcy<\/td>\n<td width=\"201\">Cena brutto<\/td>\n<\/tr>\n<tr>\n<td width=\"47\">1<\/td>\n<td width=\"356\">STEMAR Sp. z o.o. W\u0142adys\u0142awowo<\/td>\n<td width=\"201\"><strong>18.842,97 z\u0142<\/strong><\/td>\n<\/tr>\n<tr>\n<td width=\"47\">2<\/td>\n<td width=\"356\">P.H. AKMAK Mieroszyno<\/td>\n<td width=\"201\">20.937,54 z\u0142<\/td>\n<\/tr>\n<\/tbody>\n<\/table>\n<p>&nbsp;<\/p>\n<p>Umowa w sprawie zam\u00f3wienia publicznego, kt\u00f3rej warto\u015b\u0107 nie przekracza wyra\u017conej w z\u0142otych r\u00f3wnowarto\u015bci kwoty 130.000.00 z\u0142 netto w trybie art. 2 ust. 1 pkt.1 ustawy Prawo Zam\u00f3wie\u0144 Publicznych(tj. Dz.U. 2019 z 2019 r. z p\u00f3\u017an. zm.) na zakup i sukcesywna dostaw\u0119 artyku\u0142\u00f3w spo\u017cywczych do sto\u0142\u00f3wki szkolnej w Szkole Podstawowej im. Maksymiliana Wilandta w Darzlubiu\u00a0\u00a0\u00a0\u00a0\u00a0 \u00a0ul Pucka 74 , 84-100 Puck przez okres od 01.01.2022r do 31.12.2022r mo\u017ce by\u0107 zawarta w terminie nie kr\u00f3tszym ni\u017c 5 dni od dnia przes\u0142ania niniejszego zawiadomienia o wyborze najkorzystniejszej oferty.<\/p>\n<p><strong>Pakiet nr 2 nabia\u0142<\/strong><\/p>\n<p><strong>Firma MARIT Starzy\u0144ski Dw\u00f3r<\/strong><\/p>\n<p>Cena brutto z\u0142o\u017conej oferty wynosi 12.262,81 z\u0142<\/p>\n<p>Wybrana oferta jest najkorzystniejsza zgodnie z wymogami opisanymi w zaproszeniu ofertowym dotycz\u0105cymi kryteri\u00f3w, kt\u00f3rymi Zamawiaj\u0105cy kierowa\u0142 si\u0119 przy wyborze oferty oraz regulaminu Udzielania Zam\u00f3wie\u0144\u00a0 Publicznych za\u0142\u0105cznik 1 &amp;4 pkt 1 i 2 Zarz\u0105dzenia 01.02.01.21 Dyrektora\u00a0 Szko\u0142y Podstawowej im. Maksymiliana Wilandta w Darzlubiu z dnia 12 stycznia 2021 roku, kt\u00f3rych warto\u015b\u0107 nie przekracza wyra\u017conej w z\u0142otych r\u00f3wno\u015bci kwoty 130.000.00 z\u0142 netto.<\/p>\n<p>Nazwa, siedziby i adres Wykonawc\u00f3w, kt\u00f3rzy z\u0142o\u017cyli oferty wraz ze streszczeniem.<\/p>\n<p>W niniejszym post\u0119powaniu o udzielenie zam\u00f3wienia publicznego, z\u0142o\u017cono nast\u0119puj\u0105ce oferty, tj.:<\/p>\n<p>&nbsp;<\/p>\n<table>\n<tbody>\n<tr>\n<td width=\"47\">Lp.<\/td>\n<td width=\"356\">Nazwa i adres wykonawcy<\/td>\n<td width=\"201\">Cena brutto<\/td>\n<\/tr>\n<tr>\n<td width=\"47\">1<\/td>\n<td width=\"356\">Firma MARIT Starzy\u0144ski Dw\u00f3r<\/td>\n<td width=\"201\"><strong>12.262,81 z\u0142<\/strong><\/td>\n<\/tr>\n<tr>\n<td width=\"47\">2<\/td>\n<td width=\"356\">STEMAR Sp. z o.o. W\u0142adys\u0142awowo<\/td>\n<td width=\"201\">13.789,08 z\u0142<\/td>\n<\/tr>\n<\/tbody>\n<\/table>\n<p>&nbsp;<\/p>\n<p>Umowa w sprawie zam\u00f3wienia publicznego, kt\u00f3rej warto\u015b\u0107 nie przekracza wyra\u017conej w z\u0142otych r\u00f3wnowarto\u015bci kwoty 130.000.00 z\u0142 netto w trybie art. 2 ust. 1 pkt.1 ustawy Prawo Zam\u00f3wie\u0144 Publicznych(tj. Dz.U. 2019 z 2019 r. z p\u00f3\u017an. zm.) na zakup i sukcesywna dostaw\u0119 artyku\u0142\u00f3w spo\u017cywczych do sto\u0142\u00f3wki szkolnej w Szkole Podstawowej im. Maksymiliana Wilandta w Darzlubiu \u00a0\u00a0\u00a0\u00a0\u00a0\u00a0ul Pucka 74 , 84-100 Puck przez okres od 01.01.2022r do 31.12.2022r mo\u017ce by\u0107 zawarta w terminie nie kr\u00f3tszym ni\u017c 5 dni od dnia przes\u0142ania niniejszego zawiadomienia o wyborze najkorzystniejszej oferty.<\/p>\n<p><strong>Pakiet nr 3 produkty suche<\/strong><\/p>\n<p>&nbsp;<\/p>\n<p><strong>Firma MARIT Starzy\u0144ski Dw\u00f3r<\/strong><\/p>\n<p>Cena brutto z\u0142o\u017conej oferty \u00a0wynosi 12.456,21 z\u0142<\/p>\n<p>Wybrana oferta jest najkorzystniejsza zgodnie z wymogami opisanymi w zaproszeniu ofertowym dotycz\u0105cymi kryteri\u00f3w, kt\u00f3rymi Zamawiaj\u0105cy kierowa\u0142 si\u0119 przy wyborze oferty oraz regulaminu Udzielania Zam\u00f3wie\u0144\u00a0 Publicznych za\u0142\u0105cznik 1 &amp;4 pkt 1 i 2 Zarz\u0105dzenia 01.02.01.21 Dyrektora Szko\u0142y Podstawowej im. Maksymiliana Wilandta\u00a0 w Darzlubiu z dnia 12 stycznia 2021 roku, kt\u00f3rych warto\u015b\u0107 nie przekracza wyra\u017conej w z\u0142otych r\u00f3wno\u015bci kwoty 130.000.00 z\u0142 netto.<\/p>\n<p>Nazwa, siedziby i adres Wykonawc\u00f3w, kt\u00f3rzy z\u0142o\u017cyli oferty wraz ze streszczeniem.<\/p>\n<p>W niniejszym post\u0119powaniu o udzielenie zam\u00f3wienia publicznego, z\u0142o\u017cono nast\u0119puj\u0105ce oferty, tj.:<\/p>\n<table>\n<tbody>\n<tr>\n<td width=\"47\">Lp.<\/td>\n<td width=\"356\">Nazwa i adres wykonawcy<\/td>\n<td width=\"201\">Cena brutto<\/td>\n<\/tr>\n<tr>\n<td width=\"47\">1<\/td>\n<td width=\"356\">Firma MARIT Starzy\u0144ski Dw\u00f3r<\/td>\n<td width=\"201\"><strong>12.456,21 z\u0142<\/strong><\/td>\n<\/tr>\n<tr>\n<td width=\"47\">2<\/td>\n<td width=\"356\">STEMAR Sp. z o.o. W\u0142adys\u0142awowo<\/td>\n<td width=\"201\">12.573,37 z\u0142<\/td>\n<\/tr>\n<\/tbody>\n<\/table>\n<p>&nbsp;<\/p>\n<p>Umowa w sprawie zam\u00f3wienia publicznego, kt\u00f3rej warto\u015b\u0107 nie przekracza wyra\u017conej w z\u0142otych r\u00f3wnowarto\u015bci kwoty 130.000.00 z\u0142 netto w trybie art. 2 ust. 1 pkt.1 ustawy Prawo Zam\u00f3wie\u0144 Publicznych(tj. Dz.U. 2019 z 2019 r. z p\u00f3\u017an. zm.) na zakup i sukcesywna dostaw\u0119 artyku\u0142\u00f3w spo\u017cywczych do sto\u0142\u00f3wki szkolnej w Szkole Podstawowej im. Maksymiliana Wilandta w Darzlubiu \u00a0\u00a0\u00a0\u00a0\u00a0\u00a0ul Pucka 74 , 84-100 Puck przez okres od 01.01.2022r do 31.12.2022r mo\u017ce by\u0107 zawarta w terminie nie kr\u00f3tszym ni\u017c 5 dni od dnia przes\u0142ania niniejszego zawiadomienia o wyborze najkorzystniejszej oferty.<\/p>\n<p><strong>Pakiet nr 4 mi\u0119so i w\u0119dliny<\/strong><\/p>\n<p><strong>Wytw\u00f3rnia W\u0119dlin Sobolski Sp. zo.o.<\/strong><\/p>\n<p>Cena brutto z\u0142o\u017conej oferty wynosi 13.924,16 z\u0142<\/p>\n<p>Wybrana oferta jest najkorzystniejsza zgodnie z wymogami opisanymi w zaproszeniu ofertowym dotycz\u0105cymi kryteri\u00f3w, kt\u00f3rymi Zamawiaj\u0105cy kierowa\u0142 si\u0119 przy wyborze oferty oraz regulaminu Udzielania Zam\u00f3wie\u0144\u00a0 Publicznych za\u0142\u0105cznik 1 &amp;4 pkt 1 i 2 Zarz\u0105dzenia 01.02.01.21 Dyrektora\u00a0 Szko\u0142y Podstawowej im. Maksymiliana Wilandta w Darzlubiu z dnia 12 stycznia 2021 roku, kt\u00f3rych warto\u015b\u0107 nie przekracza wyra\u017conej w z\u0142otych r\u00f3wno\u015bci kwoty 130.000.00 z\u0142 netto.<\/p>\n<p>Nazwa, siedziby i adres Wykonawc\u00f3w, kt\u00f3rzy z\u0142o\u017cyli oferty wraz ze streszczeniem<\/p>\n<p>W niniejszym post\u0119powaniu o udzielenie zam\u00f3wienia publicznego, z\u0142o\u017cono nast\u0119puj\u0105ce oferty, tj.:<\/p>\n<p>&nbsp;<\/p>\n<table>\n<tbody>\n<tr>\n<td width=\"56\">Lp.<\/td>\n<td width=\"346\">Nazwa i adres wykonawcy<\/td>\n<td width=\"201\">Cena brutto<\/td>\n<\/tr>\n<tr>\n<td width=\"56\">1<\/td>\n<td width=\"346\">STEMAR Sp. z o.o. W\u0142adys\u0142awowo<\/td>\n<td width=\"201\">16.769,55 z\u0142<\/td>\n<\/tr>\n<tr>\n<td width=\"56\">2<\/td>\n<td width=\"346\">AGMI\u0118S Puck<\/td>\n<td width=\"201\">14.926,35 z\u0142<\/td>\n<\/tr>\n<tr>\n<td width=\"56\">3<\/td>\n<td width=\"346\">Wytw\u00f3rnia W\u0119dlin Sobolski Sp. zo.o.<\/td>\n<td width=\"201\"><strong>13.924,16 z\u0142<\/strong><\/td>\n<\/tr>\n<\/tbody>\n<\/table>\n<p>&nbsp;<\/p>\n<p>Umowa w sprawie zam\u00f3wienia publicznego, kt\u00f3rej warto\u015b\u0107 nie przekracza wyra\u017conej w z\u0142otych r\u00f3wnowarto\u015bci kwoty 130.000.00 z\u0142 netto w trybie art. 2 ust. 1 pkt.1 ustawy Prawo Zam\u00f3wie\u0144 Publicznych(tj. Dz.U. 2019 z 2019 r. z p\u00f3\u017an. zm.) na zakup i sukcesywna dostaw\u0119 artyku\u0142\u00f3w spo\u017cywczych do sto\u0142\u00f3wki szkolnej w Szkole Podstawowej im. Maksymiliana Wilandta w Darzlubiu \u00a0\u00a0\u00a0\u00a0\u00a0\u00a0ul Pucka 74 , 84-100 Puck przez okres od 01.01.2022r do 31.12.2022r mo\u017ce by\u0107 zawarta w terminie nie kr\u00f3tszym ni\u017c 5 dni od dnia przes\u0142ania niniejszego zawiadomienia o wyborze najkorzystniejszej oferty.<\/p>\n<p><strong>Pakiet nr 5 dr\u00f3b<\/strong><\/p>\n<p><strong>\u00a0<\/strong><\/p>\n<p><strong>Wytw\u00f3rnia W\u0119dlin Sobolski Sp. zo.o.\u00a0\u00a0\u00a0\u00a0\u00a0\u00a0\u00a0\u00a0\u00a0\u00a0\u00a0\u00a0\u00a0\u00a0\u00a0\u00a0\u00a0\u00a0\u00a0\u00a0\u00a0\u00a0\u00a0\u00a0\u00a0\u00a0\u00a0\u00a0\u00a0\u00a0\u00a0\u00a0\u00a0\u00a0\u00a0\u00a0\u00a0\u00a0\u00a0\u00a0\u00a0\u00a0\u00a0\u00a0\u00a0\u00a0\u00a0\u00a0\u00a0\u00a0\u00a0\u00a0\u00a0 \u00a0\u00a0\u00a0\u00a0\u00a0\u00a0\u00a0\u00a0\u00a0\u00a0\u00a0\u00a0\u00a0\u00a0\u00a0\u00a0\u00a0\u00a0\u00a0\u00a0\u00a0\u00a0\u00a0\u00a0\u00a0\u00a0\u00a0\u00a0\u00a0\u00a0\u00a0\u00a0\u00a0\u00a0\u00a0\u00a0\u00a0\u00a0\u00a0\u00a0\u00a0\u00a0\u00a0\u00a0\u00a0\u00a0\u00a0\u00a0\u00a0\u00a0\u00a0\u00a0\u00a0\u00a0\u00a0\u00a0\u00a0\u00a0\u00a0\u00a0\u00a0\u00a0<\/strong>Cenna brutto z\u0142o\u017conej oferty \u00a0wynosi 8.806,35 z\u0142\u00a0\u00a0\u00a0\u00a0\u00a0\u00a0\u00a0\u00a0\u00a0\u00a0\u00a0\u00a0\u00a0\u00a0\u00a0\u00a0\u00a0\u00a0\u00a0\u00a0\u00a0\u00a0\u00a0\u00a0\u00a0\u00a0\u00a0\u00a0\u00a0\u00a0\u00a0\u00a0\u00a0\u00a0\u00a0\u00a0\u00a0\u00a0\u00a0\u00a0\u00a0\u00a0\u00a0\u00a0\u00a0\u00a0\u00a0\u00a0\u00a0\u00a0\u00a0\u00a0\u00a0\u00a0\u00a0\u00a0\u00a0\u00a0\u00a0\u00a0\u00a0\u00a0\u00a0\u00a0\u00a0\u00a0\u00a0\u00a0\u00a0\u00a0\u00a0\u00a0\u00a0\u00a0\u00a0\u00a0\u00a0\u00a0\u00a0\u00a0\u00a0\u00a0\u00a0\u00a0\u00a0\u00a0\u00a0\u00a0\u00a0\u00a0\u00a0\u00a0\u00a0\u00a0\u00a0\u00a0\u00a0\u00a0\u00a0\u00a0\u00a0\u00a0\u00a0\u00a0\u00a0\u00a0\u00a0\u00a0\u00a0\u00a0\u00a0\u00a0\u00a0\u00a0\u00a0\u00a0\u00a0\u00a0\u00a0\u00a0\u00a0\u00a0\u00a0\u00a0\u00a0\u00a0 Wybrana oferta jest najkorzystniejsza zgodnie z wymogami opisanymi w zaproszeniu ofertowym dotycz\u0105cymi kryteri\u00f3w, kt\u00f3rymi Zamawiaj\u0105cy kierowa\u0142 si\u0119 przy wyborze oferty oraz regulaminu Udzielania Zam\u00f3wie\u0144\u00a0 Publicznych za\u0142\u0105cznik 1 &amp;4 pkt 1 i 2 Zarz\u0105dzenia 01.02.01.21 Dyrektora\u00a0 Szko\u0142y Podstawowej im. Maksymiliana Wilandta w Darzlubiu z dnia 12 stycznia 2021 roku, kt\u00f3rych warto\u015b\u0107 nie przekracza wyra\u017conej w z\u0142otych r\u00f3wno\u015bci kwoty 130.000.00 z\u0142 netto.<\/p>\n<p>Nazwa, siedziby i adres Wykonawc\u00f3w, kt\u00f3rzy z\u0142o\u017cyli oferty wraz ze streszczeniem<\/p>\n<p>W niniejszym post\u0119powaniu o udzielenie zam\u00f3wienia publicznego, z\u0142o\u017cono nast\u0119puj\u0105ce oferty, tj.:<\/p>\n<p>&nbsp;<\/p>\n<table>\n<tbody>\n<tr>\n<td width=\"56\">Lp.<\/td>\n<td width=\"346\">Nazwa i adres wykonawcy<\/td>\n<td width=\"201\">Cena brutto<\/td>\n<\/tr>\n<tr>\n<td width=\"56\">1<\/td>\n<td width=\"346\">STEMAR Sp. z o.o. W\u0142adys\u0142awowo<\/td>\n<td width=\"201\">10.568,25 z\u0142<\/td>\n<\/tr>\n<tr>\n<td width=\"56\">2<\/td>\n<td width=\"346\">AGMI\u0118S Puck<\/td>\n<td width=\"201\">9.428,58 z\u0142<\/td>\n<\/tr>\n<tr>\n<td width=\"56\">3<\/td>\n<td width=\"346\">Wytw\u00f3rnia W\u0119dlin Sobolski Sp. zo.o.<\/td>\n<td width=\"201\"><strong>8.806,35 z\u0142<\/strong><\/td>\n<\/tr>\n<\/tbody>\n<\/table>\n<p>&nbsp;<\/p>\n<p>Umowa w sprawie zam\u00f3wienia publicznego, kt\u00f3rej warto\u015b\u0107 nie przekracza wyra\u017conej w z\u0142otych r\u00f3wnowarto\u015bci kwoty 130.000.00 z\u0142 netto w trybie art. 2 ust. 1 pkt.1 ustawy Prawo Zam\u00f3wie\u0144 Publicznych(tj. Dz.U. 2019 z 2019 r. z p\u00f3\u017an. zm.) na zakup i sukcesywna dostaw\u0119 artyku\u0142\u00f3w spo\u017cywczych do sto\u0142\u00f3wki szkolnej w Szkole Podstawowej im. Maksymiliana Wilandta w Darzlubiu\u00a0\u00a0\u00a0\u00a0\u00a0 \u00a0ul Pucka 74 , 84-100 Puck przez okres od 01.01.2022r do 31.12.2022r mo\u017ce by\u0107 zawarta w terminie nie kr\u00f3tszym ni\u017c 5 dni od dnia przes\u0142ania niniejszego zawiadomienia o wyborze najkorzystniejszej oferty.<\/p>\n<p><strong>Pakiet nr 6 mro\u017conkiSTEMAR Sp. z o.o. W\u0142adys\u0142awowo\u00a0\u00a0\u00a0\u00a0\u00a0\u00a0\u00a0\u00a0\u00a0\u00a0\u00a0\u00a0\u00a0\u00a0\u00a0\u00a0\u00a0\u00a0\u00a0\u00a0\u00a0\u00a0\u00a0\u00a0\u00a0\u00a0\u00a0\u00a0\u00a0\u00a0\u00a0\u00a0\u00a0\u00a0\u00a0\u00a0\u00a0\u00a0\u00a0\u00a0\u00a0\u00a0\u00a0\u00a0\u00a0\u00a0\u00a0\u00a0\u00a0\u00a0\u00a0\u00a0\u00a0\u00a0\u00a0\u00a0\u00a0\u00a0\u00a0\u00a0\u00a0\u00a0\u00a0\u00a0\u00a0\u00a0\u00a0\u00a0\u00a0\u00a0\u00a0\u00a0\u00a0\u00a0\u00a0\u00a0\u00a0\u00a0\u00a0\u00a0\u00a0\u00a0\u00a0\u00a0\u00a0\u00a0\u00a0\u00a0\u00a0\u00a0\u00a0\u00a0 \u00a0\u00a0\u00a0\u00a0\u00a0\u00a0\u00a0\u00a0\u00a0\u00a0\u00a0\u00a0\u00a0\u00a0\u00a0\u00a0\u00a0\u00a0\u00a0\u00a0\u00a0\u00a0\u00a0\u00a0\u00a0\u00a0\u00a0<\/strong>Cena brutto z\u0142o\u017conej oferty wynosi 10.624,43 z\u0142<strong>\u00a0\u00a0\u00a0\u00a0\u00a0\u00a0\u00a0\u00a0\u00a0\u00a0\u00a0\u00a0\u00a0\u00a0\u00a0\u00a0\u00a0\u00a0\u00a0\u00a0\u00a0\u00a0\u00a0\u00a0\u00a0\u00a0\u00a0\u00a0\u00a0\u00a0\u00a0\u00a0\u00a0\u00a0\u00a0\u00a0\u00a0\u00a0\u00a0\u00a0\u00a0\u00a0\u00a0\u00a0\u00a0\u00a0\u00a0\u00a0\u00a0\u00a0\u00a0\u00a0 \u00a0\u00a0\u00a0\u00a0\u00a0\u00a0\u00a0\u00a0\u00a0\u00a0\u00a0\u00a0\u00a0\u00a0\u00a0\u00a0\u00a0\u00a0\u00a0\u00a0\u00a0\u00a0\u00a0\u00a0\u00a0\u00a0\u00a0\u00a0\u00a0\u00a0\u00a0\u00a0\u00a0\u00a0\u00a0\u00a0\u00a0\u00a0\u00a0\u00a0\u00a0\u00a0\u00a0<\/strong>Wybrana oferta jest najkorzystniejsza zgodnie z wymogami opisanymi w zaproszeniu ofertowym dotycz\u0105cymi kryteri\u00f3w, kt\u00f3rymi Zamawiaj\u0105cy kierowa\u0142 si\u0119 przy wyborze oferty oraz regulaminu Udzielania Zam\u00f3wie\u0144\u00a0 Publicznych za\u0142\u0105cznik 1 &amp;4 pkt 1 i 2 Zarz\u0105dzenia 01.02.01.21 Dyrektora\u00a0 Szko\u0142y Podstawowej im. Maksymiliana Wilandta w Darzlubiu z dnia 12 stycznia 2021 roku, kt\u00f3rych warto\u015b\u0107 nie przekracza wyra\u017conej w z\u0142otych r\u00f3wno\u015bci kwoty 130.000.00 z\u0142 netto.<\/p>\n<p>Nazwa, siedziby i adres Wykonawc\u00f3w, kt\u00f3rzy z\u0142o\u017cyli oferty wraz ze streszczeniem<\/p>\n<p>W niniejszym post\u0119powaniu o udzielenie zam\u00f3wienia publicznego, z\u0142o\u017cono nast\u0119puj\u0105ce oferty, tj.:<\/p>\n<table>\n<tbody>\n<tr>\n<td width=\"47\">Lp.<\/td>\n<td width=\"356\">Nazwa i adres wykonawcy<\/td>\n<td width=\"201\">Cena brutto<\/td>\n<\/tr>\n<tr>\n<td width=\"47\">1<\/td>\n<td width=\"356\">STEMAR Sp. z o.o. W\u0142adys\u0142awowo<\/td>\n<td width=\"201\"><strong>10.624,43 z\u0142<\/strong><\/td>\n<\/tr>\n<tr>\n<td width=\"47\">2<\/td>\n<td width=\"356\">IGLOTEX Gdynia<\/td>\n<td width=\"201\">10.729,85 z\u0142<\/td>\n<\/tr>\n<\/tbody>\n<\/table>\n<p>&nbsp;<\/p>\n<p>Umowa w sprawie zam\u00f3wienia publicznego, kt\u00f3rej warto\u015b\u0107 nie przekracza wyra\u017conej w z\u0142otych r\u00f3wnowarto\u015bci kwoty 130.000.00 z\u0142 netto w trybie art. 2 ust. 1 pkt.1 ustawy Prawo Zam\u00f3wie\u0144 Publicznych(tj. Dz.U. 2019 z 2019 r. z p\u00f3\u017an. zm.) na zakup \u00a0i sukcesywna dostaw\u0119 artyku\u0142\u00f3w spo\u017cywczych do sto\u0142\u00f3wki szkolnej w Szkole Podstawowej im. Maksymiliana Wilandta w Darzlubiu\u00a0\u00a0\u00a0\u00a0\u00a0 \u00a0ul Pucka 74 , 84-100 Puck przez okres od 01.01.2022r do 31.12.2022r. mo\u017ce by\u0107 zawarta w terminie nie kr\u00f3tszym ni\u017c 5 dni od dnia przes\u0142ania niniejszego zawiadomienia o wyborze najkorzystniejszej oferty.<\/p>\n<p><strong>Pakiet nr 7 pieczywo<\/strong><\/p>\n<ol>\n<li><strong> Piekarnia Cukiernia <\/strong><\/li>\n<\/ol>\n<p>Cena brutto z\u0142o\u017conej oferty wynosi 4.581,15 z\u0142<\/p>\n<p>Wybrana oferta jest najkorzystniejsza zgodnie z wymogami opisanymi w zaproszeniu ofertowym dotycz\u0105cymi kryteri\u00f3w, kt\u00f3rymi Zamawiaj\u0105cy kierowa\u0142 si\u0119 przy wyborze oferty oraz regulaminu Udzielania Zam\u00f3wie\u0144\u00a0 Publicznych za\u0142\u0105cznik 1 &amp;4 pkt 1 i 2 Zarz\u0105dzenia 01.02.01.21 Dyrektora\u00a0 Szko\u0142y Podstawowej im. Maksymiliana Wilandta w Darzlubiu z dnia 12 stycznia 2021 roku, kt\u00f3rych warto\u015b\u0107 nie przekracza wyra\u017conej w z\u0142otych r\u00f3wno\u015bci kwoty 130.000.00 z\u0142 netto.<\/p>\n<p>Nazwa, siedziby i adres Wykonawc\u00f3w, kt\u00f3rzy z\u0142o\u017cyli oferty wraz ze streszczeniem<\/p>\n<p>W niniejszym post\u0119powaniu o udzielenie zam\u00f3wienia publicznego, z\u0142o\u017cono nast\u0119puj\u0105ce oferty, tj.:<\/p>\n<p>&nbsp;<\/p>\n<table>\n<tbody>\n<tr>\n<td width=\"47\">Lp.<\/td>\n<td width=\"356\">Nazwa i adres wykonawcy<\/td>\n<td width=\"201\">Cena brutto<\/td>\n<\/tr>\n<tr>\n<td width=\"47\">1<\/td>\n<td width=\"356\">STEMAR Sp. z o.o. W\u0142adys\u0142awowo<\/td>\n<td width=\"201\">5.680,50 z\u0142<\/td>\n<\/tr>\n<tr>\n<td width=\"47\">2<\/td>\n<td width=\"356\">Al. Piekarnia Cukiernia<\/td>\n<td width=\"201\"><strong>4.581,15 z\u0142<\/strong><\/td>\n<\/tr>\n<\/tbody>\n<\/table>\n<p>&nbsp;<\/p>\n<p>Umowa w sprawie zam\u00f3wienia publicznego, kt\u00f3rej warto\u015b\u0107 nie przekracza wyra\u017conej w z\u0142otych r\u00f3wnowarto\u015bci kwoty 130.000.00 z\u0142 netto w trybie art. 2 ust. 1 pkt.1 ustawy Prawo Zam\u00f3wie\u0144 Publicznych(tj. Dz.U. 2019 z 2019 r. z p\u00f3\u017an. zm.) na zakup i sukcesywna dostaw\u0119 artyku\u0142\u00f3w spo\u017cywczych do sto\u0142\u00f3wki szkolnej w Szkole Podstawowej im. Maksymiliana Wilandta w Darzlubiu \u00a0\u00a0\u00a0\u00a0\u00a0\u00a0ul Pucka 74 , 84-100 Puck przez okres od 01.01.2022r do 31.12.2022r mo\u017ce by\u0107 zawarta w terminie nie kr\u00f3tszym ni\u017c 5 dni od dnia przes\u0142ania niniejszego zawiadomienia o wyborze najkorzystniejszej oferty.<\/p>\n<p><strong>Pakiet nr 8 ryby<\/strong><\/p>\n<p>Wytw\u00f3rnia W\u0119dlin Sobolski Sp. zo.o.\u00a0\u00a0\u00a0\u00a0\u00a0\u00a0\u00a0\u00a0\u00a0\u00a0\u00a0\u00a0\u00a0\u00a0\u00a0\u00a0\u00a0\u00a0\u00a0\u00a0\u00a0\u00a0\u00a0\u00a0\u00a0\u00a0\u00a0\u00a0\u00a0\u00a0\u00a0\u00a0\u00a0\u00a0\u00a0\u00a0\u00a0\u00a0\u00a0\u00a0\u00a0\u00a0\u00a0\u00a0\u00a0\u00a0\u00a0\u00a0\u00a0\u00a0\u00a0\u00a0\u00a0\u00a0\u00a0\u00a0\u00a0\u00a0\u00a0\u00a0\u00a0\u00a0\u00a0\u00a0\u00a0\u00a0\u00a0\u00a0\u00a0 \u00a0\u00a0\u00a0\u00a0\u00a0\u00a0\u00a0\u00a0\u00a0\u00a0\u00a0\u00a0\u00a0\u00a0\u00a0\u00a0\u00a0\u00a0\u00a0\u00a0\u00a0\u00a0\u00a0\u00a0\u00a0\u00a0\u00a0\u00a0\u00a0\u00a0\u00a0\u00a0\u00a0\u00a0\u00a0\u00a0\u00a0\u00a0\u00a0\u00a0\u00a0\u00a0\u00a0\u00a0\u00a0\u00a0Cenna brutto \u00a0z\u0142o\u017conej oferty wynosi 8.806,35 z\u0142 Wybrana oferta jest najkorzystniejsza zgodnie \u00a0\u00a0\u00a0\u00a0\u00a0\u00a0\u00a0\u00a0\u00a0\u00a0\u00a0\u00a0\u00a0\u00a0\u00a0\u00a0\u00a0\u00a0z wymogami opisanymi w zaproszeniu ofertowym dotycz\u0105cymi kryteri\u00f3w, kt\u00f3rymi Zamawiaj\u0105cy kierowa\u0142 si\u0119 przy wyborze oferty oraz regulaminu Udzielania Zam\u00f3wie\u0144\u00a0 Publicznych za\u0142\u0105cznik\u00a0\u00a0\u00a0\u00a0\u00a0\u00a0\u00a0\u00a0\u00a0\u00a0 \u00a01 &amp;4 pkt 1 i 2 Zarz\u0105dzenia 01.02.01.21 Dyrektora\u00a0 Szko\u0142y Podstawowej im. Maksymiliana Wilandta \u00a0\u00a0\u00a0\u00a0\u00a0\u00a0\u00a0\u00a0\u00a0\u00a0\u00a0\u00a0\u00a0\u00a0w Darzlubiu z dnia 12 stycznia 2021 roku, kt\u00f3rych warto\u015b\u0107 nie przekracza wyra\u017conej w z\u0142otych r\u00f3wno\u015bci kwoty 130.000.00 z\u0142 netto.<\/p>\n<p>Nazwa, siedziby i adres Wykonawc\u00f3w, kt\u00f3rzy z\u0142o\u017cyli oferty wraz ze streszczeniem<\/p>\n<p>W niniejszym post\u0119powaniu o udzielenie zam\u00f3wienia publicznego, z\u0142o\u017cono nast\u0119puj\u0105ce oferty, tj.:<\/p>\n<p>&nbsp;<\/p>\n<table>\n<tbody>\n<tr>\n<td width=\"47\"><strong>Lp. <\/strong><\/td>\n<td width=\"356\">Nazwa i adres wykonawcy<\/td>\n<td width=\"201\">Cena brutto<\/td>\n<\/tr>\n<tr>\n<td width=\"47\">1<\/td>\n<td width=\"356\">STEMAR Sp. z o.o. W\u0142adys\u0142awowo<\/td>\n<td width=\"201\">25.872,00 z\u0142<\/td>\n<\/tr>\n<tr>\n<td width=\"47\">2<\/td>\n<td width=\"356\">IGLOTEX Gdynia<\/td>\n<td width=\"201\"><strong>18.307,80 z\u0142<\/strong><\/td>\n<\/tr>\n<\/tbody>\n<\/table>\n<p>Umowa w sprawie zam\u00f3wienia publicznego, kt\u00f3rej warto\u015b\u0107 nie przekracza wyra\u017conej w z\u0142otych r\u00f3wnowarto\u015bci kwoty 130.000.00 z\u0142 netto w trybie art. 2 ust. 1 pkt.1 ustawy Prawo Zam\u00f3wie\u0144 Publicznych(tj. Dz.U. 2019 z 2019 r. z p\u00f3\u017an. zm.) na zakup i sukcesywna dostaw\u0119 artyku\u0142\u00f3w spo\u017cywczych do sto\u0142\u00f3wki szkolnej w Szkole Podstawowej im. Maksymiliana Wilandta w Darzlubiu\u00a0\u00a0\u00a0\u00a0\u00a0 \u00a0ul Pucka 74 , 84-100 Puck przez okres od 01.01.2022r do 31.12.2022r mo\u017ce by\u0107 zawarta w terminie nie kr\u00f3tszym ni\u017c 5 dni od dnia przes\u0142ania niniejszego zawiadomienia o wyborze najkorzystniejszej oferty.<\/p>\n","protected":false},"excerpt":{"rendered":"<p>Darzlubie dnia 16 grudnia 2021 r. Informacja o wyborze najkorzystniejszej oferty \u2013 na zakup i sukcesywn\u0105 dostaw\u0119 artyku\u0142\u00f3w spo\u017cywczych do sto\u0142\u00f3wki szkolnej w Szkole Podstawowej im. Maksymiliana Wilandta\u00a0 w Darzlubiu, ul Pucka 74, 84-100 Puck przez okres 01.01.2022r do 31.12.2022r. Uprzejmie informuj\u0119, \u017ce w post\u0119powaniu o udzielenie zam\u00f3wienia publicznego, kt\u00f3rych warto\u015b\u0107 nie przekracza wyra\u017conej w\u2026 <span class=\"read-more\"><a href=\"http:\/\/darzlubie.eu\/BIP\/informacja-o-wyborze-najkorzystniejszej-oferty\/\">Czytaj dalej &raquo;<\/a><\/span><\/p>\n","protected":false},"author":1,"featured_media":0,"parent":0,"menu_order":0,"comment_status":"closed","ping_status":"closed","template":"","meta":{"footnotes":""},"class_list":["post-150","page","type-page","status-publish","hentry"],"_links":{"self":[{"href":"http:\/\/darzlubie.eu\/BIP\/wp-json\/wp\/v2\/pages\/150","targetHints":{"allow":["GET"]}}],"collection":[{"href":"http:\/\/darzlubie.eu\/BIP\/wp-json\/wp\/v2\/pages"}],"about":[{"href":"http:\/\/darzlubie.eu\/BIP\/wp-json\/wp\/v2\/types\/page"}],"author":[{"embeddable":true,"href":"http:\/\/darzlubie.eu\/BIP\/wp-json\/wp\/v2\/users\/1"}],"replies":[{"embeddable":true,"href":"http:\/\/darzlubie.eu\/BIP\/wp-json\/wp\/v2\/comments?post=150"}],"version-history":[{"count":1,"href":"http:\/\/darzlubie.eu\/BIP\/wp-json\/wp\/v2\/pages\/150\/revisions"}],"predecessor-version":[{"id":152,"href":"http:\/\/darzlubie.eu\/BIP\/wp-json\/wp\/v2\/pages\/150\/revisions\/152"}],"wp:attachment":[{"href":"http:\/\/darzlubie.eu\/BIP\/wp-json\/wp\/v2\/media?parent=150"}],"curies":[{"name":"wp","href":"https:\/\/api.w.org\/{rel}","templated":true}]}}